{"id":387,"date":"2018-04-27T12:04:09","date_gmt":"2018-04-27T10:04:09","guid":{"rendered":"http:\/\/destilaarquitectura.com\/equipamientos-urbanismo\/"},"modified":"2018-05-25T12:15:48","modified_gmt":"2018-05-25T10:15:48","slug":"equipamientos-urbanismo","status":"publish","type":"page","link":"https:\/\/destilaarquitectura.com\/es\/equipamientos-urbanismo\/","title":{"rendered":"Equipamientos &#038; Urbanismo"},"content":{"rendered":"<p>[vc_row css=\u00bb.vc_custom_1524823275491{margin-top: 200px !important;margin-bottom: 100px !important;}\u00bb][vc_column width=\u00bb1\/3&#8243;][vc_custom_heading text=\u00bbEquipamientos &#038; Urbanismo\u00bb font_container=\u00bbtag:h1|text_align:left\u00bb use_theme_fonts=\u00bbyes\u00bb css=\u00bb.vc_custom_1524823433405{margin-left: 20px !important;}\u00bb][\/vc_column][vc_column width=\u00bb1\/3&#8243;][vc_column_text]A Destila nos gusta dise\u00f1ar espacios pensados para las personas en todas sus escalas. Creemos que es imprescindible una planificaci\u00f3n que respete las preexistencias y permita espacios adaptables a la evoluci\u00f3n de las ciudades.[\/vc_column_text][\/vc_column][vc_column width=\u00bb1\/3&#8243;][\/vc_column][\/vc_row][vc_row full_width=\u00bbstretch_row\u00bb css=\u00bb.vc_custom_1524755611771{background-color: #30302f !important;}\u00bb][vc_column][vc_basic_grid post_type=\u00bbprojects\u00bb max_items=\u00bb-1&#8243; item=\u00bb72&#8243; grid_id=\u00bbvc_gid:1526911627893-0c5bd89a-94f6-6&#8243; taxonomies=\u00bb9&#8243;][\/vc_column][\/vc_row]<\/p>\n","protected":false},"excerpt":{"rendered":"<p>[vc_row css=\u00bb.vc_custom_1524823275491{margin-top: 200px !important;margin-bottom: 100px !important;}\u00bb][vc_column width=\u00bb1\/3&#8243;][vc_custom_heading text=\u00bbEquipamientos &#038; Urbanismo\u00bb font_container=\u00bbtag:h1|text_align:left\u00bb use_theme_fonts=\u00bbyes\u00bb css=\u00bb.vc_custom_1524823433405{margin-left: 20px !important;}\u00bb][\/vc_column][vc_column width=\u00bb1\/3&#8243;][vc_column_text]A Destila nos gusta dise\u00f1ar espacios pensados para las personas en todas sus escalas. Creemos que es imprescindible una planificaci\u00f3n que respete las preexistencias y permita espacios adaptables a la evoluci\u00f3n de las ciudades.[\/vc_column_text][\/vc_column][vc_column width=\u00bb1\/3&#8243;][\/vc_column][\/vc_row][vc_row full_width=\u00bbstretch_row\u00bb css=\u00bb.vc_custom_1524755611771{background-color: #30302f !important;}\u00bb][vc_column][vc_basic_grid post_type=\u00bbprojects\u00bb [&hellip;]<\/p>\n","protected":false},"author":1,"featured_media":0,"parent":0,"menu_order":0,"comment_status":"closed","ping_status":"closed","template":"","meta":[],"_links":{"self":[{"href":"https:\/\/destilaarquitectura.com\/es\/wp-json\/wp\/v2\/pages\/387"}],"collection":[{"href":"https:\/\/destilaarquitectura.com\/es\/wp-json\/wp\/v2\/pages"}],"about":[{"href":"https:\/\/destilaarquitectura.com\/es\/wp-json\/wp\/v2\/types\/page"}],"author":[{"embeddable":true,"href":"https:\/\/destilaarquitectura.com\/es\/wp-json\/wp\/v2\/users\/1"}],"replies":[{"embeddable":true,"href":"https:\/\/destilaarquitectura.com\/es\/wp-json\/wp\/v2\/comments?post=387"}],"version-history":[{"count":2,"href":"https:\/\/destilaarquitectura.com\/es\/wp-json\/wp\/v2\/pages\/387\/revisions"}],"predecessor-version":[{"id":389,"href":"https:\/\/destilaarquitectura.com\/es\/wp-json\/wp\/v2\/pages\/387\/revisions\/389"}],"wp:attachment":[{"href":"https:\/\/destilaarquitectura.com\/es\/wp-json\/wp\/v2\/media?parent=387"}],"curies":[{"name":"wp","href":"https:\/\/api.w.org\/{rel}","templated":true}]}}

<p>[vc_row css=».vc_custom_1524823275491{margin-top: 200px !important;margin-bottom: 100px !important;}»][vc_column width=»1/3&#8243;][vc_custom_heading text=»Equipamientos &#038; Urbanismo» font_container=»tag:h1|text_align:left» use_theme_fonts=»yes» css=».vc_custom_1524823433405{margin-left: 20px !important;}»][/vc_column][vc_column width=»1/3&#8243;][vc_column_text]A Destila nos gusta diseñar espacios pensados para las personas en todas sus escalas. Creemos que es imprescindible una planificación que respete las preexistencias y permita espacios adaptables a la evolución de las ciudades.[/vc_column_text][/vc_column][vc_column width=»1/3&#8243;][/vc_column][/vc_row][vc_row full_width=»stretch_row» css=».vc_custom_1524755611771{background-color: #30302f !important;}»][vc_column][vc_basic_grid post_type=»projects» max_items=»-1&#8243; item=»72&#8243; grid_id=»vc_gid:1526911627893-0c5bd89a-94f6-6&#8243; taxonomies=»9&#8243;][/vc_column][/vc_row]</p>

<p>[vc_row css=».vc_custom_1524823275491{margin-top: 200px !important;margin-bottom: 100px !important;}»][vc_column width=»1/3&#8243;][vc_custom_heading text=»Equipamientos &#038; Urbanismo» font_container=»tag:h1|text_align:left» use_theme_fonts=»yes» css=».vc_custom_1524823433405{margin-left: 20px !important;}»][/vc_column][vc_column width=»1/3&#8243;][vc_column_text]A Destila nos gusta diseñar espacios pensados para las personas en todas sus escalas. Creemos que es imprescindible una planificación que respete las preexistencias y permita espacios adaptables a la evolución de las ciudades.[/vc_column_text][/vc_column][vc_column width=»1/3&#8243;][/vc_column][/vc_row][vc_row full_width=»stretch_row» css=».vc_custom_1524755611771{background-color: #30302f !important;}»][vc_column][vc_basic_grid post_type=»projects» [&hellip;]</p>
